{"id":1047,"date":"2022-10-27T15:31:28","date_gmt":"2022-10-27T13:31:28","guid":{"rendered":"http:\/\/gwzrtit.cluster030.hosting.ovh.net\/?page_id=1047"},"modified":"2025-07-14T09:57:25","modified_gmt":"2025-07-14T07:57:25","slug":"cataleg-botiga","status":"publish","type":"page","link":"https:\/\/viladecans.gabrielistas.org\/home-2\/cataleg-botiga\/","title":{"rendered":"Cat\u00e0leg botiga online"},"content":{"rendered":"<p>[vc_row][vc_column]<div class=\"eut-element eut-image eut-align-center\" style=\"\"><div class=\"eut-image-wrapper eut-popup-item\" style=\"max-width:1064px;\"><div class=\"eut-thumbnail-wrapper\"  style=\"max-width: 1064px;\"><div class=\"eut-thumbnail\"  style=\"padding-top: 30.075%;\"><img loading=\"lazy\" decoding=\"async\" width=\"1064\" height=\"320\" src=\"https:\/\/viladecans.gabrielistas.org\/wp-content\/uploads\/2022\/10\/HeaderCataleg.png\" class=\"attachment-full size-full\" alt=\"\" data-eutf-filter=\"yes\" srcset=\"https:\/\/viladecans.gabrielistas.org\/wp-content\/uploads\/2022\/10\/HeaderCataleg.png 1064w, https:\/\/viladecans.gabrielistas.org\/wp-content\/uploads\/2022\/10\/HeaderCataleg-300x90.png 300w, https:\/\/viladecans.gabrielistas.org\/wp-content\/uploads\/2022\/10\/HeaderCataleg-1024x308.png 1024w, https:\/\/viladecans.gabrielistas.org\/wp-content\/uploads\/2022\/10\/HeaderCataleg-768x231.png 768w\" sizes=\"auto, (max-width: 1064px) 100vw, 1064px\" \/><\/div><\/div>  <\/div><\/div>[\/vc_column][\/vc_row][vc_row][vc_column][vc_column_text]<\/p>\n<h3><strong><a href=\"http:\/\/viladecans.gabrielistas.org\/wp-content\/uploads\/2024\/07\/Tutorial-botiga-online-Alexia.pdf\">TUTORIAL BOTIGA ONLINE <\/a><a href=\"http:\/\/web2.alexiaedu.com\/ACWeb\/LogOn.aspx?key=DcuAiC2%2fi9I%3D\">\u00a0<img loading=\"lazy\" decoding=\"async\" class=\"alignnone wp-image-1095 size-full\" src=\"https:\/\/viladecans.gabrielistas.org\/wp-content\/uploads\/2022\/10\/banner_alexia.png\" alt=\"\" width=\"256\" height=\"73\" \/><\/a><\/strong><\/h3>\n<p>[\/vc_column_text][\/vc_column][\/vc_row][vc_row][vc_column][vc_column_text]<\/p>\n<h2><\/h2>\n<h2 style=\"text-align: center;\">EQUIPAMENT ESPORTIU INFANTIL<\/h2>\n<p><img loading=\"lazy\" decoding=\"async\" class=\"aligncenter wp-image-1057 size-full\" src=\"http:\/\/gwzrtit.cluster030.hosting.ovh.net\/wp-content\/uploads\/2022\/10\/Uniformes01-800x460-1.png\" alt=\"\" width=\"800\" height=\"457\" srcset=\"https:\/\/viladecans.gabrielistas.org\/wp-content\/uploads\/2022\/10\/Uniformes01-800x460-1.png 800w, https:\/\/viladecans.gabrielistas.org\/wp-content\/uploads\/2022\/10\/Uniformes01-800x460-1-300x171.png 300w, https:\/\/viladecans.gabrielistas.org\/wp-content\/uploads\/2022\/10\/Uniformes01-800x460-1-768x439.png 768w\" sizes=\"auto, (max-width: 800px) 100vw, 800px\" \/><\/p>\n<p><img loading=\"lazy\" decoding=\"async\" class=\"aligncenter wp-image-1063 size-full\" src=\"http:\/\/gwzrtit.cluster030.hosting.ovh.net\/wp-content\/uploads\/2022\/10\/Uniformes07-800x460-1.png\" alt=\"\" width=\"800\" height=\"457\" srcset=\"https:\/\/viladecans.gabrielistas.org\/wp-content\/uploads\/2022\/10\/Uniformes07-800x460-1.png 800w, https:\/\/viladecans.gabrielistas.org\/wp-content\/uploads\/2022\/10\/Uniformes07-800x460-1-300x171.png 300w, https:\/\/viladecans.gabrielistas.org\/wp-content\/uploads\/2022\/10\/Uniformes07-800x460-1-768x439.png 768w\" sizes=\"auto, (max-width: 800px) 100vw, 800px\" \/><\/p>\n<p><img loading=\"lazy\" decoding=\"async\" class=\"aligncenter wp-image-1059 size-full\" src=\"http:\/\/gwzrtit.cluster030.hosting.ovh.net\/wp-content\/uploads\/2022\/10\/Uniformes03-800x460-1.png\" alt=\"\" width=\"800\" height=\"457\" srcset=\"https:\/\/viladecans.gabrielistas.org\/wp-content\/uploads\/2022\/10\/Uniformes03-800x460-1.png 800w, https:\/\/viladecans.gabrielistas.org\/wp-content\/uploads\/2022\/10\/Uniformes03-800x460-1-300x171.png 300w, https:\/\/viladecans.gabrielistas.org\/wp-content\/uploads\/2022\/10\/Uniformes03-800x460-1-768x439.png 768w\" sizes=\"auto, (max-width: 800px) 100vw, 800px\" \/><\/p>\n<p><img loading=\"lazy\" decoding=\"async\" class=\"aligncenter wp-image-1060 size-full\" src=\"http:\/\/gwzrtit.cluster030.hosting.ovh.net\/wp-content\/uploads\/2022\/10\/Uniformes04-800x460-1.png\" alt=\"\" width=\"800\" height=\"457\" srcset=\"https:\/\/viladecans.gabrielistas.org\/wp-content\/uploads\/2022\/10\/Uniformes04-800x460-1.png 800w, https:\/\/viladecans.gabrielistas.org\/wp-content\/uploads\/2022\/10\/Uniformes04-800x460-1-300x171.png 300w, https:\/\/viladecans.gabrielistas.org\/wp-content\/uploads\/2022\/10\/Uniformes04-800x460-1-768x439.png 768w\" sizes=\"auto, (max-width: 800px) 100vw, 800px\" \/><\/p>\n<p><img loading=\"lazy\" decoding=\"async\" class=\"aligncenter wp-image-1061 size-full\" src=\"http:\/\/gwzrtit.cluster030.hosting.ovh.net\/wp-content\/uploads\/2022\/10\/Uniformes05-800x460-1.png\" alt=\"\" width=\"800\" height=\"457\" srcset=\"https:\/\/viladecans.gabrielistas.org\/wp-content\/uploads\/2022\/10\/Uniformes05-800x460-1.png 800w, https:\/\/viladecans.gabrielistas.org\/wp-content\/uploads\/2022\/10\/Uniformes05-800x460-1-300x171.png 300w, https:\/\/viladecans.gabrielistas.org\/wp-content\/uploads\/2022\/10\/Uniformes05-800x460-1-768x439.png 768w\" sizes=\"auto, (max-width: 800px) 100vw, 800px\" \/><\/p>\n<h2 style=\"text-align: center;\">BATES INFANTIL<\/h2>\n<p><img loading=\"lazy\" decoding=\"async\" class=\"aligncenter wp-image-1078 size-full\" src=\"http:\/\/gwzrtit.cluster030.hosting.ovh.net\/wp-content\/uploads\/2022\/10\/Uniformes22-800x460-1.png\" alt=\"\" width=\"800\" height=\"457\" srcset=\"https:\/\/viladecans.gabrielistas.org\/wp-content\/uploads\/2022\/10\/Uniformes22-800x460-1.png 800w, https:\/\/viladecans.gabrielistas.org\/wp-content\/uploads\/2022\/10\/Uniformes22-800x460-1-300x171.png 300w, https:\/\/viladecans.gabrielistas.org\/wp-content\/uploads\/2022\/10\/Uniformes22-800x460-1-768x439.png 768w\" sizes=\"auto, (max-width: 800px) 100vw, 800px\" \/><\/p>\n<p><img loading=\"lazy\" decoding=\"async\" class=\"aligncenter wp-image-1077 size-full\" src=\"http:\/\/gwzrtit.cluster030.hosting.ovh.net\/wp-content\/uploads\/2022\/10\/Uniformes21-800x460-1.png\" alt=\"\" width=\"800\" height=\"457\" srcset=\"https:\/\/viladecans.gabrielistas.org\/wp-content\/uploads\/2022\/10\/Uniformes21-800x460-1.png 800w, https:\/\/viladecans.gabrielistas.org\/wp-content\/uploads\/2022\/10\/Uniformes21-800x460-1-300x171.png 300w, https:\/\/viladecans.gabrielistas.org\/wp-content\/uploads\/2022\/10\/Uniformes21-800x460-1-768x439.png 768w\" sizes=\"auto, (max-width: 800px) 100vw, 800px\" \/><\/p>\n<h2 style=\"text-align: center;\">COMPLEMENTS INFANTIL<\/h2>\n<p><img loading=\"lazy\" decoding=\"async\" class=\"aligncenter wp-image-1075 size-full\" src=\"http:\/\/gwzrtit.cluster030.hosting.ovh.net\/wp-content\/uploads\/2022\/10\/Uniformes19-800x460-1.png\" alt=\"\" width=\"800\" height=\"457\" srcset=\"https:\/\/viladecans.gabrielistas.org\/wp-content\/uploads\/2022\/10\/Uniformes19-800x460-1.png 800w, https:\/\/viladecans.gabrielistas.org\/wp-content\/uploads\/2022\/10\/Uniformes19-800x460-1-300x171.png 300w, https:\/\/viladecans.gabrielistas.org\/wp-content\/uploads\/2022\/10\/Uniformes19-800x460-1-768x439.png 768w\" sizes=\"auto, (max-width: 800px) 100vw, 800px\" \/><\/p>\n<p><img loading=\"lazy\" decoding=\"async\" class=\"aligncenter wp-image-1076 size-full\" src=\"http:\/\/gwzrtit.cluster030.hosting.ovh.net\/wp-content\/uploads\/2022\/10\/Uniformes20-800x460-1.png\" alt=\"\" width=\"800\" height=\"457\" srcset=\"https:\/\/viladecans.gabrielistas.org\/wp-content\/uploads\/2022\/10\/Uniformes20-800x460-1.png 800w, https:\/\/viladecans.gabrielistas.org\/wp-content\/uploads\/2022\/10\/Uniformes20-800x460-1-300x171.png 300w, https:\/\/viladecans.gabrielistas.org\/wp-content\/uploads\/2022\/10\/Uniformes20-800x460-1-768x439.png 768w\" sizes=\"auto, (max-width: 800px) 100vw, 800px\" \/><\/p>\n<h2 style=\"text-align: center;\">EQUIPAMENT NATACI\u00d3 INFANTIL I PRIM\u00c0RIA<\/h2>\n<p><img loading=\"lazy\" decoding=\"async\" class=\"aligncenter wp-image-1054 size-full\" src=\"http:\/\/gwzrtit.cluster030.hosting.ovh.net\/wp-content\/uploads\/2022\/10\/Uniformes27-800x460-1.png\" alt=\"\" width=\"800\" height=\"457\" srcset=\"https:\/\/viladecans.gabrielistas.org\/wp-content\/uploads\/2022\/10\/Uniformes27-800x460-1.png 800w, https:\/\/viladecans.gabrielistas.org\/wp-content\/uploads\/2022\/10\/Uniformes27-800x460-1-300x171.png 300w, https:\/\/viladecans.gabrielistas.org\/wp-content\/uploads\/2022\/10\/Uniformes27-800x460-1-768x439.png 768w\" sizes=\"auto, (max-width: 800px) 100vw, 800px\" \/><\/p>\n<p><img loading=\"lazy\" decoding=\"async\" class=\"aligncenter wp-image-1055 size-full\" src=\"http:\/\/gwzrtit.cluster030.hosting.ovh.net\/wp-content\/uploads\/2022\/10\/Uniformes28-800x460-1.png\" alt=\"\" width=\"800\" height=\"457\" srcset=\"https:\/\/viladecans.gabrielistas.org\/wp-content\/uploads\/2022\/10\/Uniformes28-800x460-1.png 800w, https:\/\/viladecans.gabrielistas.org\/wp-content\/uploads\/2022\/10\/Uniformes28-800x460-1-300x171.png 300w, https:\/\/viladecans.gabrielistas.org\/wp-content\/uploads\/2022\/10\/Uniformes28-800x460-1-768x439.png 768w\" sizes=\"auto, (max-width: 800px) 100vw, 800px\" \/><\/p>\n<p><img loading=\"lazy\" decoding=\"async\" class=\"aligncenter wp-image-1056 size-full\" src=\"http:\/\/gwzrtit.cluster030.hosting.ovh.net\/wp-content\/uploads\/2022\/10\/Uniformes29-800x460-1.png\" alt=\"\" width=\"800\" height=\"457\" srcset=\"https:\/\/viladecans.gabrielistas.org\/wp-content\/uploads\/2022\/10\/Uniformes29-800x460-1.png 800w, https:\/\/viladecans.gabrielistas.org\/wp-content\/uploads\/2022\/10\/Uniformes29-800x460-1-300x171.png 300w, https:\/\/viladecans.gabrielistas.org\/wp-content\/uploads\/2022\/10\/Uniformes29-800x460-1-768x439.png 768w\" sizes=\"auto, (max-width: 800px) 100vw, 800px\" \/><\/p>\n<h2 style=\"text-align: center;\">BATES PRIM\u00c0RIA<\/h2>\n<p><img loading=\"lazy\" decoding=\"async\" class=\"aligncenter wp-image-1050 size-full\" src=\"http:\/\/gwzrtit.cluster030.hosting.ovh.net\/wp-content\/uploads\/2022\/10\/Uniformes23-800x460-1.png\" alt=\"\" width=\"800\" height=\"457\" srcset=\"https:\/\/viladecans.gabrielistas.org\/wp-content\/uploads\/2022\/10\/Uniformes23-800x460-1.png 800w, https:\/\/viladecans.gabrielistas.org\/wp-content\/uploads\/2022\/10\/Uniformes23-800x460-1-300x171.png 300w, https:\/\/viladecans.gabrielistas.org\/wp-content\/uploads\/2022\/10\/Uniformes23-800x460-1-768x439.png 768w\" sizes=\"auto, (max-width: 800px) 100vw, 800px\" \/><\/p>\n<h2 style=\"text-align: center;\">EQUIPAMENT ESPORTIU PRIM\u00c0RIA I ESO<\/h2>\n<p><img loading=\"lazy\" decoding=\"async\" class=\"aligncenter wp-image-1062 size-full\" src=\"http:\/\/gwzrtit.cluster030.hosting.ovh.net\/wp-content\/uploads\/2022\/10\/Uniformes06-800x460-1.png\" alt=\"\" width=\"800\" height=\"457\" srcset=\"https:\/\/viladecans.gabrielistas.org\/wp-content\/uploads\/2022\/10\/Uniformes06-800x460-1.png 800w, https:\/\/viladecans.gabrielistas.org\/wp-content\/uploads\/2022\/10\/Uniformes06-800x460-1-300x171.png 300w, https:\/\/viladecans.gabrielistas.org\/wp-content\/uploads\/2022\/10\/Uniformes06-800x460-1-768x439.png 768w\" sizes=\"auto, (max-width: 800px) 100vw, 800px\" \/><\/p>\n<p><img loading=\"lazy\" decoding=\"async\" class=\"aligncenter wp-image-1069 size-full\" src=\"http:\/\/gwzrtit.cluster030.hosting.ovh.net\/wp-content\/uploads\/2022\/10\/Uniformes13-800x460-1.png\" alt=\"\" width=\"800\" height=\"457\" srcset=\"https:\/\/viladecans.gabrielistas.org\/wp-content\/uploads\/2022\/10\/Uniformes13-800x460-1.png 800w, https:\/\/viladecans.gabrielistas.org\/wp-content\/uploads\/2022\/10\/Uniformes13-800x460-1-300x171.png 300w, https:\/\/viladecans.gabrielistas.org\/wp-content\/uploads\/2022\/10\/Uniformes13-800x460-1-768x439.png 768w\" sizes=\"auto, (max-width: 800px) 100vw, 800px\" \/><\/p>\n<p><img loading=\"lazy\" decoding=\"async\" class=\"aligncenter wp-image-1070 size-full\" src=\"http:\/\/gwzrtit.cluster030.hosting.ovh.net\/wp-content\/uploads\/2022\/10\/Uniformes14-800x460-1.png\" alt=\"\" width=\"800\" height=\"457\" srcset=\"https:\/\/viladecans.gabrielistas.org\/wp-content\/uploads\/2022\/10\/Uniformes14-800x460-1.png 800w, https:\/\/viladecans.gabrielistas.org\/wp-content\/uploads\/2022\/10\/Uniformes14-800x460-1-300x171.png 300w, https:\/\/viladecans.gabrielistas.org\/wp-content\/uploads\/2022\/10\/Uniformes14-800x460-1-768x439.png 768w\" sizes=\"auto, (max-width: 800px) 100vw, 800px\" \/><\/p>\n<p><img loading=\"lazy\" decoding=\"async\" class=\"aligncenter wp-image-1073 size-full\" src=\"http:\/\/gwzrtit.cluster030.hosting.ovh.net\/wp-content\/uploads\/2022\/10\/Uniformes17-800x460-1.png\" alt=\"\" width=\"800\" height=\"457\" srcset=\"https:\/\/viladecans.gabrielistas.org\/wp-content\/uploads\/2022\/10\/Uniformes17-800x460-1.png 800w, https:\/\/viladecans.gabrielistas.org\/wp-content\/uploads\/2022\/10\/Uniformes17-800x460-1-300x171.png 300w, https:\/\/viladecans.gabrielistas.org\/wp-content\/uploads\/2022\/10\/Uniformes17-800x460-1-768x439.png 768w\" sizes=\"auto, (max-width: 800px) 100vw, 800px\" \/><\/p>\n<p><img loading=\"lazy\" decoding=\"async\" class=\"aligncenter wp-image-1071 size-full\" src=\"http:\/\/gwzrtit.cluster030.hosting.ovh.net\/wp-content\/uploads\/2022\/10\/Uniformes15-800x460-1.png\" alt=\"\" width=\"800\" height=\"457\" srcset=\"https:\/\/viladecans.gabrielistas.org\/wp-content\/uploads\/2022\/10\/Uniformes15-800x460-1.png 800w, https:\/\/viladecans.gabrielistas.org\/wp-content\/uploads\/2022\/10\/Uniformes15-800x460-1-300x171.png 300w, https:\/\/viladecans.gabrielistas.org\/wp-content\/uploads\/2022\/10\/Uniformes15-800x460-1-768x439.png 768w\" sizes=\"auto, (max-width: 800px) 100vw, 800px\" \/><\/p>\n<p><img loading=\"lazy\" decoding=\"async\" class=\"aligncenter wp-image-1072 size-full\" src=\"http:\/\/gwzrtit.cluster030.hosting.ovh.net\/wp-content\/uploads\/2022\/10\/Uniformes16-800x460-1.png\" alt=\"\" width=\"800\" height=\"457\" srcset=\"https:\/\/viladecans.gabrielistas.org\/wp-content\/uploads\/2022\/10\/Uniformes16-800x460-1.png 800w, https:\/\/viladecans.gabrielistas.org\/wp-content\/uploads\/2022\/10\/Uniformes16-800x460-1-300x171.png 300w, https:\/\/viladecans.gabrielistas.org\/wp-content\/uploads\/2022\/10\/Uniformes16-800x460-1-768x439.png 768w\" sizes=\"auto, (max-width: 800px) 100vw, 800px\" \/><\/p>\n<h2 style=\"text-align: center;\">UNIFORMES PRIM\u00c0RIA I ESO<\/h2>\n<p><img loading=\"lazy\" decoding=\"async\" class=\"aligncenter wp-image-1062 size-full\" src=\"http:\/\/gwzrtit.cluster030.hosting.ovh.net\/wp-content\/uploads\/2022\/10\/Uniformes06-800x460-1.png\" alt=\"\" width=\"800\" height=\"457\" srcset=\"https:\/\/viladecans.gabrielistas.org\/wp-content\/uploads\/2022\/10\/Uniformes06-800x460-1.png 800w, https:\/\/viladecans.gabrielistas.org\/wp-content\/uploads\/2022\/10\/Uniformes06-800x460-1-300x171.png 300w, https:\/\/viladecans.gabrielistas.org\/wp-content\/uploads\/2022\/10\/Uniformes06-800x460-1-768x439.png 768w\" sizes=\"auto, (max-width: 800px) 100vw, 800px\" \/><\/p>\n<p><img loading=\"lazy\" decoding=\"async\" class=\"aligncenter wp-image-1063 size-full\" src=\"http:\/\/gwzrtit.cluster030.hosting.ovh.net\/wp-content\/uploads\/2022\/10\/Uniformes07-800x460-1.png\" alt=\"\" width=\"800\" height=\"457\" srcset=\"https:\/\/viladecans.gabrielistas.org\/wp-content\/uploads\/2022\/10\/Uniformes07-800x460-1.png 800w, https:\/\/viladecans.gabrielistas.org\/wp-content\/uploads\/2022\/10\/Uniformes07-800x460-1-300x171.png 300w, https:\/\/viladecans.gabrielistas.org\/wp-content\/uploads\/2022\/10\/Uniformes07-800x460-1-768x439.png 768w\" sizes=\"auto, (max-width: 800px) 100vw, 800px\" \/><\/p>\n<p><img loading=\"lazy\" decoding=\"async\" class=\"aligncenter wp-image-1066 size-full\" src=\"http:\/\/gwzrtit.cluster030.hosting.ovh.net\/wp-content\/uploads\/2022\/10\/Uniformes10-800x460-1.png\" alt=\"\" width=\"800\" height=\"457\" srcset=\"https:\/\/viladecans.gabrielistas.org\/wp-content\/uploads\/2022\/10\/Uniformes10-800x460-1.png 800w, https:\/\/viladecans.gabrielistas.org\/wp-content\/uploads\/2022\/10\/Uniformes10-800x460-1-300x171.png 300w, https:\/\/viladecans.gabrielistas.org\/wp-content\/uploads\/2022\/10\/Uniformes10-800x460-1-768x439.png 768w\" sizes=\"auto, (max-width: 800px) 100vw, 800px\" \/><\/p>\n<p><img loading=\"lazy\" decoding=\"async\" class=\"aligncenter wp-image-1065 size-full\" src=\"http:\/\/gwzrtit.cluster030.hosting.ovh.net\/wp-content\/uploads\/2022\/10\/Uniformes09-800x460-1.png\" alt=\"\" width=\"800\" height=\"457\" srcset=\"https:\/\/viladecans.gabrielistas.org\/wp-content\/uploads\/2022\/10\/Uniformes09-800x460-1.png 800w, https:\/\/viladecans.gabrielistas.org\/wp-content\/uploads\/2022\/10\/Uniformes09-800x460-1-300x171.png 300w, https:\/\/viladecans.gabrielistas.org\/wp-content\/uploads\/2022\/10\/Uniformes09-800x460-1-768x439.png 768w\" sizes=\"auto, (max-width: 800px) 100vw, 800px\" \/><\/p>\n<p><img loading=\"lazy\" decoding=\"async\" class=\"aligncenter wp-image-1064 size-full\" src=\"http:\/\/gwzrtit.cluster030.hosting.ovh.net\/wp-content\/uploads\/2022\/10\/Uniformes08-800x460-1.png\" alt=\"\" width=\"800\" height=\"457\" srcset=\"https:\/\/viladecans.gabrielistas.org\/wp-content\/uploads\/2022\/10\/Uniformes08-800x460-1.png 800w, https:\/\/viladecans.gabrielistas.org\/wp-content\/uploads\/2022\/10\/Uniformes08-800x460-1-300x171.png 300w, https:\/\/viladecans.gabrielistas.org\/wp-content\/uploads\/2022\/10\/Uniformes08-800x460-1-768x439.png 768w\" sizes=\"auto, (max-width: 800px) 100vw, 800px\" \/><\/p>\n<p><img loading=\"lazy\" decoding=\"async\" class=\"aligncenter wp-image-1067 size-full\" src=\"http:\/\/gwzrtit.cluster030.hosting.ovh.net\/wp-content\/uploads\/2022\/10\/Uniformes11-800x460-1.png\" alt=\"\" width=\"800\" height=\"457\" srcset=\"https:\/\/viladecans.gabrielistas.org\/wp-content\/uploads\/2022\/10\/Uniformes11-800x460-1.png 800w, https:\/\/viladecans.gabrielistas.org\/wp-content\/uploads\/2022\/10\/Uniformes11-800x460-1-300x171.png 300w, https:\/\/viladecans.gabrielistas.org\/wp-content\/uploads\/2022\/10\/Uniformes11-800x460-1-768x439.png 768w\" sizes=\"auto, (max-width: 800px) 100vw, 800px\" \/><\/p>\n<h2 style=\"text-align: center;\">COMPLEMENTS PRIM\u00c0RIA I ESO<\/h2>\n<p><img loading=\"lazy\" decoding=\"async\" class=\"aligncenter wp-image-1074 size-full\" src=\"http:\/\/gwzrtit.cluster030.hosting.ovh.net\/wp-content\/uploads\/2022\/10\/Uniformes18-800x460-1.png\" alt=\"\" width=\"800\" height=\"457\" srcset=\"https:\/\/viladecans.gabrielistas.org\/wp-content\/uploads\/2022\/10\/Uniformes18-800x460-1.png 800w, https:\/\/viladecans.gabrielistas.org\/wp-content\/uploads\/2022\/10\/Uniformes18-800x460-1-300x171.png 300w, https:\/\/viladecans.gabrielistas.org\/wp-content\/uploads\/2022\/10\/Uniformes18-800x460-1-768x439.png 768w\" sizes=\"auto, (max-width: 800px) 100vw, 800px\" \/><\/p>\n<h2 style=\"text-align: center;\">EQUIPAMENT ESPORTIU CICLES FORMATIUS<\/h2>\n<p><img loading=\"lazy\" decoding=\"async\" class=\"aligncenter wp-image-1051 size-full\" src=\"http:\/\/gwzrtit.cluster030.hosting.ovh.net\/wp-content\/uploads\/2022\/10\/Uniformes24-800x460-1.png\" alt=\"\" width=\"800\" height=\"457\" srcset=\"https:\/\/viladecans.gabrielistas.org\/wp-content\/uploads\/2022\/10\/Uniformes24-800x460-1.png 800w, https:\/\/viladecans.gabrielistas.org\/wp-content\/uploads\/2022\/10\/Uniformes24-800x460-1-300x171.png 300w, https:\/\/viladecans.gabrielistas.org\/wp-content\/uploads\/2022\/10\/Uniformes24-800x460-1-768x439.png 768w\" sizes=\"auto, (max-width: 800px) 100vw, 800px\" \/><\/p>\n<p><img loading=\"lazy\" decoding=\"async\" class=\"aligncenter wp-image-1052 size-full\" src=\"http:\/\/gwzrtit.cluster030.hosting.ovh.net\/wp-content\/uploads\/2022\/10\/Uniformes25-800x460-1.png\" alt=\"\" width=\"800\" height=\"457\" srcset=\"https:\/\/viladecans.gabrielistas.org\/wp-content\/uploads\/2022\/10\/Uniformes25-800x460-1.png 800w, https:\/\/viladecans.gabrielistas.org\/wp-content\/uploads\/2022\/10\/Uniformes25-800x460-1-300x171.png 300w, https:\/\/viladecans.gabrielistas.org\/wp-content\/uploads\/2022\/10\/Uniformes25-800x460-1-768x439.png 768w\" sizes=\"auto, (max-width: 800px) 100vw, 800px\" \/><\/p>\n<h2 style=\"text-align: center;\">INFORM\u00c0TICA (Chromebooks)<\/h2>\n<p><img loading=\"lazy\" decoding=\"async\" class=\"aligncenter wp-image-2987 size-full\" src=\"https:\/\/viladecans.gabrielistas.org\/wp-content\/uploads\/2025\/06\/Chromebook03-800x460-1.png\" alt=\"\" width=\"800\" height=\"457\" srcset=\"https:\/\/viladecans.gabrielistas.org\/wp-content\/uploads\/2025\/06\/Chromebook03-800x460-1.png 800w, https:\/\/viladecans.gabrielistas.org\/wp-content\/uploads\/2025\/06\/Chromebook03-800x460-1-300x171.png 300w, https:\/\/viladecans.gabrielistas.org\/wp-content\/uploads\/2025\/06\/Chromebook03-800x460-1-768x439.png 768w\" sizes=\"auto, (max-width: 800px) 100vw, 800px\" \/><\/p>\n<p><img loading=\"lazy\" decoding=\"async\" class=\"aligncenter wp-image-1640 size-full\" src=\"http:\/\/viladecans.gabrielistas.org\/wp-content\/uploads\/2023\/06\/Chromebook03-800x460-1.png\" alt=\"\" width=\"800\" height=\"457\" srcset=\"https:\/\/viladecans.gabrielistas.org\/wp-content\/uploads\/2023\/06\/Chromebook03-800x460-1.png 800w, https:\/\/viladecans.gabrielistas.org\/wp-content\/uploads\/2023\/06\/Chromebook03-800x460-1-300x171.png 300w, https:\/\/viladecans.gabrielistas.org\/wp-content\/uploads\/2023\/06\/Chromebook03-800x460-1-768x439.png 768w\" sizes=\"auto, (max-width: 800px) 100vw, 800px\" \/>[\/vc_column_text][\/vc_column][\/vc_row]<\/p>\n","protected":false},"excerpt":{"rendered":"<p>[vc_row][vc_column][\/vc_column][\/vc_row][vc_row][vc_column][vc_column_text] TUTORIAL BOTIGA ONLINE \u00a0 [\/vc_column_text][\/vc_column][\/vc_row][vc_row][vc_column][vc_column_text] EQUIPAMENT ESPORTIU INFANTIL BATES INFANTIL COMPLEMENTS INFANTIL EQUIPAMENT NATACI\u00d3 INFANTIL I PRIM\u00c0RIA BATES PRIM\u00c0RIA EQUIPAMENT ESPORTIU PRIM\u00c0RIA I ESO UNIFORMES PRIM\u00c0RIA I ESO COMPLEMENTS PRIM\u00c0RIA I ESO EQUIPAMENT ESPORTIU CICLES FORMATIUS INFORM\u00c0TICA (Chromebooks) [\/vc_column_text][\/vc_column][\/vc_row]<\/p>\n","protected":false},"author":3,"featured_media":0,"parent":0,"menu_order":0,"comment_status":"closed","ping_status":"closed","template":"","meta":{"footnotes":""},"class_list":["post-1047","page","type-page","status-publish","hentry"],"_links":{"self":[{"href":"https:\/\/viladecans.gabrielistas.org\/home-2\/wp-json\/wp\/v2\/pages\/1047","targetHints":{"allow":["GET"]}}],"collection":[{"href":"https:\/\/viladecans.gabrielistas.org\/home-2\/wp-json\/wp\/v2\/pages"}],"about":[{"href":"https:\/\/viladecans.gabrielistas.org\/home-2\/wp-json\/wp\/v2\/types\/page"}],"author":[{"embeddable":true,"href":"https:\/\/viladecans.gabrielistas.org\/home-2\/wp-json\/wp\/v2\/users\/3"}],"replies":[{"embeddable":true,"href":"https:\/\/viladecans.gabrielistas.org\/home-2\/wp-json\/wp\/v2\/comments?post=1047"}],"version-history":[{"count":15,"href":"https:\/\/viladecans.gabrielistas.org\/home-2\/wp-json\/wp\/v2\/pages\/1047\/revisions"}],"predecessor-version":[{"id":2988,"href":"https:\/\/viladecans.gabrielistas.org\/home-2\/wp-json\/wp\/v2\/pages\/1047\/revisions\/2988"}],"wp:attachment":[{"href":"https:\/\/viladecans.gabrielistas.org\/home-2\/wp-json\/wp\/v2\/media?parent=1047"}],"curies":[{"name":"wp","href":"https:\/\/api.w.org\/{rel}","templated":true}]}}