{"id":106,"date":"2020-12-07T13:53:45","date_gmt":"2020-12-07T12:53:45","guid":{"rendered":"http:\/\/gwzrtit.cluster030.hosting.ovh.net\/?page_id=106"},"modified":"2026-03-10T10:20:23","modified_gmt":"2026-03-10T09:20:23","slug":"pastoral","status":"publish","type":"page","link":"https:\/\/viladecans.gabrielistas.org\/home-2\/el-collegi\/pastoral\/","title":{"rendered":"Pastoral"},"content":{"rendered":"<p>[vc_row padding_top_multiplier=&#8221;&#8221; padding_bottom_multiplier=&#8221;&#8221;][vc_column]<div class=\"eut-element eut-image eut-align-center\" style=\"margin-bottom: 40px;\"><div class=\"eut-image-wrapper eut-popup-item\" style=\"max-width:1920px;\"><div class=\"eut-thumbnail-wrapper\"  style=\"max-width: 1920px;\"><div class=\"eut-thumbnail\"  style=\"padding-top: 28.542%;\"><img loading=\"lazy\" decoding=\"async\" width=\"1920\" height=\"548\" src=\"https:\/\/viladecans.gabrielistas.org\/wp-content\/uploads\/2020\/12\/sg-header.png\" class=\"attachment-full size-full\" alt=\"\" data-eutf-filter=\"yes\" srcset=\"https:\/\/viladecans.gabrielistas.org\/wp-content\/uploads\/2020\/12\/sg-header.png 1920w, https:\/\/viladecans.gabrielistas.org\/wp-content\/uploads\/2020\/12\/sg-header-300x86.png 300w, https:\/\/viladecans.gabrielistas.org\/wp-content\/uploads\/2020\/12\/sg-header-1024x292.png 1024w, https:\/\/viladecans.gabrielistas.org\/wp-content\/uploads\/2020\/12\/sg-header-768x219.png 768w, https:\/\/viladecans.gabrielistas.org\/wp-content\/uploads\/2020\/12\/sg-header-1536x438.png 1536w\" sizes=\"auto, (max-width: 1920px) 100vw, 1920px\" \/><\/div><\/div>  <\/div><\/div>[vc_column_text el_id=&#8221;pastoral&#8221; el_class=&#8221;sg-title-section&#8221;]<\/p>\n<h2>Pastoral<\/h2>\n<p>[\/vc_column_text]<div class=\"eut-element eut-divider\" style=\"padding-bottom: 40px;\"><span class=\"eut-custom-divider eut-bg-primary-2 eut-align-inherit\" style=\"width: 40px;height: 3px;\"><\/span><\/div>[vc_column_text css=&#8221;.vc_custom_1607345757738{margin-bottom: 40px !important;}&#8221;]L&#8217;educaci\u00f3 en el nostre centre t\u00e9 com a finalitat<strong> l&#8217;educaci\u00f3 integral de la persona<\/strong>, preparant-la per participar activament en la transformaci\u00f3 i millora de la societat. Fomentem en els alumnes la dimensi\u00f3 \u00e8tica i transcendent, el descobriment de valors i la formaci\u00f3 d&#8217;actituds que contribueixin al b\u00e9 com\u00fa, partint de la visi\u00f3 cristiana del m\u00f3n.<\/p>\n<p>L&#8217;acci\u00f3 Pastoral de centre intenta amb les seves activitats programades <strong>afavorir experi\u00e8ncies personals<\/strong> que d&#8217;una banda, sensibilitzin i comprometin a tota la Comunitat Educativa amb la just\u00edcia, i de l&#8217;altra, aprofundeixin en la dimensi\u00f3 transcendent de l&#8217;exist\u00e8ncia.[\/vc_column_text][vc_column_text el_class=&#8221;sg-title-section&#8221;]<\/p>\n<h3>Pacte Educatiu Global<\/h3>\n<p>[\/vc_column_text]<div class=\"eut-element eut-divider\" style=\"padding-bottom: 40px;\"><span class=\"eut-custom-divider eut-bg-primary-2 eut-align-inherit\" style=\"width: 40px;height: 3px;\"><\/span><\/div>[vc_column_text css=&#8221;.vc_custom_1773134414322{margin-bottom: 40px !important;}&#8221;]El <strong>papa Francesc<\/strong> va llan\u00e7ar el 12 de setembre de 2019 \u00abla invitaci\u00f3 a dialogar sobre la manera com estem construint el futur del planeta i sobre la necessitat d\u2019invertir els talents de tothom, perqu\u00e8 cada canvi requereix un cam\u00ed educatiu que faci madurar una nova solidaritat universal i una societat m\u00e9s acollidora\u00bb. Per aquest motiu ha promogut la iniciativa d\u2019un Pacte Educatiu Global \u00abper revifar el comprom\u00eds per i amb les joves generacions, tot renovant la passi\u00f3 per una educaci\u00f3 m\u00e9s oberta i inclusiva, capa\u00e7 de l\u2019escolta pacient, del di\u00e0leg constructiu i de la comprensi\u00f3 m\u00fatua\u00bb. Es tracta d\u2019\u00abunir els esfor\u00e7os per una alian\u00e7a educativa \u00e0mplia per formar persones madures, capaces de superar fragmentacions i contraposicions i reconstruir el teixit de les relacions per una humanitat m\u00e9s fraterna\u00bb<\/p>\n<p>El <strong>papa Lle\u00f3 XIV<\/strong> ha renovat i actualitzat el Pacte Educatiu Global impulsat pel papa Francesc, tot centrant-se en tres nous reptes per a les generacions joves: cultivar la vida interior, fer servir la tecnologia amb saviesa (especialment la IA) i educar per a la pau desarmada. En la seva carta apost\u00f2lica, \u201cDissenyar nous mapes d\u2019esperan\u00e7a\u201d, presentada durant el Jubileu del M\u00f3n Educatiu 2025, proposa l\u2019educaci\u00f3 com un acte d\u2019amor i resist\u00e8ncia enfront de l\u2019\u00abeficientisme sense \u00e0nima\u00bb de l\u2019algoritme.<\/p>\n<p>Les constel\u00b7lacions educatives cat\u00f2liques s\u00f3n una imatge inspiradora de com la tradici\u00f3 i el futur es poden entrella\u00e7ar sense contradiccions: una tradici\u00f3 viva que s\u2019est\u00e9n cap a noves formes de pres\u00e8ncia i servei. Les constel\u00b7lacions no es redueixen a concatenacions neutres i planes de les diferents experi\u00e8ncies. En lloc de cadenes, ens atrevim a pensar en les constel\u00b7lacions, en el seu entrella\u00e7ament ple de meravelles i despertars. En elles resideix aquesta capacitat de navegar entre els desafiaments amb esperan\u00e7a, per\u00f2 tamb\u00e9 amb una revisi\u00f3 valenta, sense perdre la fidelitat a l\u2019Evangeli.<\/p>\n<p><b><img loading=\"lazy\" decoding=\"async\" class=\"aligncenter wp-image-3590 size-full\" src=\"https:\/\/viladecans.gabrielistas.org\/wp-content\/uploads\/2026\/03\/Pacte-Educatiu-Global.jpg\" alt=\"\" width=\"1024\" height=\"597\" srcset=\"https:\/\/viladecans.gabrielistas.org\/wp-content\/uploads\/2026\/03\/Pacte-Educatiu-Global.jpg 1024w, https:\/\/viladecans.gabrielistas.org\/wp-content\/uploads\/2026\/03\/Pacte-Educatiu-Global-300x175.jpg 300w, https:\/\/viladecans.gabrielistas.org\/wp-content\/uploads\/2026\/03\/Pacte-Educatiu-Global-768x448.jpg 768w\" sizes=\"auto, (max-width: 1024px) 100vw, 1024px\" \/><\/b><\/p>\n<ol>\n<li aria-level=\"1\"><strong>Posar la persona al centre:<\/strong> Fer de cada proc\u00e9s educatiu una prioritat basada en el valor de l\u2019\u00e9sser hum\u00e0.<\/li>\n<li aria-level=\"1\"><strong>Escoltar les generacions joves:<\/strong> Donar veu i protagonisme als infants i joves per construir el futur junts.<\/li>\n<li aria-level=\"1\"><strong>Promoure la dona:<\/strong> Fomentar la plena participaci\u00f3 de les nenes i les dones en l\u2019educaci\u00f3 i la societat.<\/li>\n<li aria-level=\"1\"><strong>Responsabilitzar la fam\u00edlia:<\/strong> Recon\u00e8ixer la fam\u00edlia com el primer i indispensable subjecte educador.<\/li>\n<li aria-level=\"1\"><strong>Obrir-se a l\u2019acollida:<\/strong> Educar en el servei i la inclusi\u00f3 dels m\u00e9s vulnerables i marginats.<\/li>\n<li aria-level=\"1\"><strong>Renovar l\u2019economia i la pol\u00edtica:<\/strong> Buscar noves formes d\u2019entendre el progr\u00e9s i la gesti\u00f3 p\u00fablica al servei de tothom.<\/li>\n<li aria-level=\"1\"><strong>Cuidar la casa comuna:<\/strong> Educar en la sostenibilitat i el respecte pel medi ambient.<\/li>\n<li aria-level=\"1\"><strong>Cultivar la vida interior:<\/strong> Posar el focus en l\u2019espiritualitat i la profunditat personal com a base de l\u2019aprenentatge.<\/li>\n<li aria-level=\"1\"><strong>La dimensi\u00f3 digital humana:<\/strong> Usar la tecnologia amb saviesa. Integrar la Intel\u00b7lig\u00e8ncia Artificial i les eines digitals amb criteri \u00e8tic i hum\u00e0.<\/li>\n<li aria-level=\"1\"><strong>Educar per a la pau desarmada:<\/strong> Una aposta radical per la no-viol\u00e8ncia i la reconciliaci\u00f3 global.<\/li>\n<\/ol>\n<p>[\/vc_column_text][vc_column_text el_id=&#8221;activitats&#8221; el_class=&#8221;sg-title-section&#8221;]<\/p>\n<h3>Activitats<\/h3>\n<p>[\/vc_column_text]<div class=\"eut-element eut-divider\" style=\"padding-bottom: 40px;\"><span class=\"eut-custom-divider eut-bg-primary-2 eut-align-inherit\" style=\"width: 40px;height: 3px;\"><\/span><\/div>[\/vc_column][\/vc_row][vc_row padding_top_multiplier=&#8221;&#8221; padding_bottom_multiplier=&#8221;&#8221;][vc_column width=&#8221;1\/2&#8243;][vc_column_text css=&#8221;.vc_custom_1667805768281{margin-bottom: 40px !important;}&#8221;]<\/p>\n<h4>Reflexions di\u00e0ries<\/h4>\n<p><a href=\"https:\/\/pregagabrielistes.blogspot.com\/\">Pregainfantil a Educaci\u00f3 Infantil<\/a><\/p>\n<p><a href=\"https:\/\/sgdiaxdia.blogspot.com\/\">Dia a Dia a E. Prim\u00e0ria<\/a><\/p>\n<p><a href=\"http:\/\/sg1xdia.blogspot.com\/\">Gabrielistes1xdia a ESO, Batxillerat i F.P.<\/a><\/p>\n<h4>Tutories<\/h4>\n<p>Dedicades al desenvolupament dels valors, a la celebraci\u00f3 dels temps lit\u00fargics, a l&#8217;acompanyament emocional i acad\u00e8mic&#8230;[\/vc_column_text][\/vc_column][vc_column width=&#8221;1\/2&#8243;][vc_column_text css=&#8221;.vc_custom_1674804508354{margin-bottom: 40px !important;}&#8221;]<\/p>\n<h4>Celebracions<\/h4>\n<p>Advent- Nadal, Dia de la Pau, Quaresma- Pasqua, Sant Llu\u00eds, Dia de la fam\u00edlia, Mes de Mar\u00eda.<\/p>\n<h4>Campanyes solid\u00e0ries<\/h4>\n<p>Operaci\u00f3 Quilo, Gran recapte d\u2019aliments, Setmana Solid\u00e0ria,\u00a0Xocolatada solid\u00e0ria<\/p>\n<h4>Voluntariat Gabrielista<\/h4>\n<p>[\/vc_column_text][\/vc_column][\/vc_row]<\/p>\n","protected":false},"excerpt":{"rendered":"<p>[vc_row padding_top_multiplier=&#8221;&#8221; padding_bottom_multiplier=&#8221;&#8221;][vc_column][vc_column_text el_id=&#8221;pastoral&#8221; el_class=&#8221;sg-title-section&#8221;] Pastoral [\/vc_column_text][vc_column_text css=&#8221;.vc_custom_1607345757738{margin-bottom: 40px !important;}&#8221;]L&#8217;educaci\u00f3 en el nostre centre t\u00e9 com a finalitat l&#8217;educaci\u00f3 integral de la persona, preparant-la per participar activament en la transformaci\u00f3 i millora de la societat. Fomentem en els alumnes la dimensi\u00f3 \u00e8tica i transcendent, el descobriment de valors i la formaci\u00f3 d&#8217;actituds que contribueixin al [&hellip;]<\/p>\n","protected":false},"author":1,"featured_media":0,"parent":72,"menu_order":0,"comment_status":"closed","ping_status":"closed","template":"","meta":{"footnotes":""},"class_list":["post-106","page","type-page","status-publish","hentry"],"_links":{"self":[{"href":"https:\/\/viladecans.gabrielistas.org\/home-2\/wp-json\/wp\/v2\/pages\/106","targetHints":{"allow":["GET"]}}],"collection":[{"href":"https:\/\/viladecans.gabrielistas.org\/home-2\/wp-json\/wp\/v2\/pages"}],"about":[{"href":"https:\/\/viladecans.gabrielistas.org\/home-2\/wp-json\/wp\/v2\/types\/page"}],"author":[{"embeddable":true,"href":"https:\/\/viladecans.gabrielistas.org\/home-2\/wp-json\/wp\/v2\/users\/1"}],"replies":[{"embeddable":true,"href":"https:\/\/viladecans.gabrielistas.org\/home-2\/wp-json\/wp\/v2\/comments?post=106"}],"version-history":[{"count":17,"href":"https:\/\/viladecans.gabrielistas.org\/home-2\/wp-json\/wp\/v2\/pages\/106\/revisions"}],"predecessor-version":[{"id":3592,"href":"https:\/\/viladecans.gabrielistas.org\/home-2\/wp-json\/wp\/v2\/pages\/106\/revisions\/3592"}],"up":[{"embeddable":true,"href":"https:\/\/viladecans.gabrielistas.org\/home-2\/wp-json\/wp\/v2\/pages\/72"}],"wp:attachment":[{"href":"https:\/\/viladecans.gabrielistas.org\/home-2\/wp-json\/wp\/v2\/media?parent=106"}],"curies":[{"name":"wp","href":"https:\/\/api.w.org\/{rel}","templated":true}]}}