{"id":85,"date":"2020-12-02T19:36:42","date_gmt":"2020-12-02T18:36:42","guid":{"rendered":"http:\/\/gwzrtit.cluster030.hosting.ovh.net\/?page_id=85"},"modified":"2025-07-14T09:57:25","modified_gmt":"2025-07-14T07:57:25","slug":"identitat-gabrielista","status":"publish","type":"page","link":"https:\/\/viladecans.gabrielistas.org\/home-2\/el-collegi\/identitat-gabrielista\/","title":{"rendered":"Identitat gabrielista"},"content":{"rendered":"<p>[vc_row padding_top_multiplier=&#8221;&#8221; padding_bottom_multiplier=&#8221;&#8221;][vc_column]<div class=\"eut-element eut-image eut-align-center\" style=\"margin-bottom: 40px;\"><div class=\"eut-image-wrapper eut-popup-item\" style=\"max-width:981px;\"><div class=\"eut-thumbnail-wrapper\"  style=\"max-width: 981px;\"><div class=\"eut-thumbnail\"  style=\"padding-top: 31.906%;\"><img loading=\"lazy\" decoding=\"async\" width=\"981\" height=\"313\" src=\"https:\/\/viladecans.gabrielistas.org\/wp-content\/uploads\/2020\/12\/sg-header-20.png\" class=\"attachment-full size-full\" alt=\"\" data-eutf-filter=\"yes\" srcset=\"https:\/\/viladecans.gabrielistas.org\/wp-content\/uploads\/2020\/12\/sg-header-20.png 981w, https:\/\/viladecans.gabrielistas.org\/wp-content\/uploads\/2020\/12\/sg-header-20-300x96.png 300w, https:\/\/viladecans.gabrielistas.org\/wp-content\/uploads\/2020\/12\/sg-header-20-768x245.png 768w\" sizes=\"auto, (max-width: 981px) 100vw, 981px\" \/><\/div><\/div>  <\/div><\/div>[\/vc_column][\/vc_row][vc_row padding_top_multiplier=&#8221;&#8221; padding_bottom_multiplier=&#8221;&#8221;][vc_column width=&#8221;1\/2&#8243;][vc_column_text el_id=&#8221;missio&#8221; el_class=&#8221;sg-title-section&#8221;]<\/p>\n<h3>Una meta<\/h3>\n<p>[\/vc_column_text]<div class=\"eut-element eut-divider\" style=\"padding-bottom: 40px;\"><span class=\"eut-custom-divider eut-bg-primary-2 eut-align-inherit\" style=\"width: 40px;height: 3px;\"><\/span><\/div>[vc_column_text]Som escoles cristianes que tenim un <strong>inter\u00e8s primordial per la persona<\/strong> i oferim una educaci\u00f3 integral i de qualitat, inclusiva i personalitzada.<\/p>\n<p>[\/vc_column_text][\/vc_column][vc_column width=&#8221;1\/2&#8243;][vc_column_text el_id=&#8221;visio&#8221; el_class=&#8221;sg-title-section&#8221;]<\/p>\n<h3>Un cam\u00ed<\/h3>\n<p>[\/vc_column_text]<div class=\"eut-element eut-divider\" style=\"padding-bottom: 40px;\"><span class=\"eut-custom-divider eut-bg-primary-2 eut-align-inherit\" style=\"width: 40px;height: 3px;\"><\/span><\/div>[vc_column_text css=&#8221;.vc_custom_1615374569203{margin-bottom: 40px !important;}&#8221;]Treballem amb <strong>passi\u00f3 i creativitat<\/strong> en estreta col\u00b7laboraci\u00f3 amb les fam\u00edlies i l\u2019entorn. Tenim el prop\u00f2sit de formar persones expertes, equilibrades y <strong>compromeses per un m\u00f3n just i fratern<\/strong> amb una intel\u00b7lig\u00e8ncia espiritual que doni sentit a les seves vides.[\/vc_column_text][\/vc_column][\/vc_row][vc_row padding_top_multiplier=&#8221;&#8221; padding_bottom_multiplier=&#8221;&#8221;][vc_column][vc_column_text el_id=&#8221;valors&#8221; el_class=&#8221;sg-title-section&#8221;]<\/p>\n<h3>Uns valors<\/h3>\n<p>[\/vc_column_text]<div class=\"eut-element eut-divider\" style=\"padding-bottom: 40px;\"><span class=\"eut-custom-divider eut-bg-primary-2 eut-align-inherit\" style=\"width: 40px;height: 3px;\"><\/span><\/div>[\/vc_column][\/vc_row][vc_row padding_top_multiplier=&#8221;&#8221;][vc_column width=&#8221;1\/2&#8243;][vc_column_text css=&#8221;.vc_custom_1615376012169{margin-bottom: 40px !important;}&#8221;]<\/p>\n<h4><img loading=\"lazy\" decoding=\"async\" class=\"alignleft size-full wp-image-91\" src=\"http:\/\/gwzrtit.cluster030.hosting.ovh.net\/wp-content\/uploads\/2020\/12\/sg-consciencia-social.png\" alt=\"\" width=\"50\" height=\"45\" \/>Inclusi\u00f3<\/h4>\n<p>Partint del reconeixement de la diversitat com un fet universal, tenim unes altes expectatives en tot l\u2019alumnat, estimulem el seu talent, personalitzem els seus aprenentatges. Promovem que l\u2019alumnat, acceptant la pr\u00f2pia identitat i la de la resta, tingui un elevat sentiment de pertinen\u00e7a a la comunitat gabrielista un veritable<span style=\"font-weight: 400;\">\u00a0<\/span><span style=\"font-weight: 400;\"><strong>esperit de fam\u00edlia<\/strong>.<\/span>[\/vc_column_text][\/vc_column][vc_column width=&#8221;1\/2&#8243;][vc_column_text css=&#8221;.vc_custom_1611578538627{margin-bottom: 40px !important;}&#8221;]<\/p>\n<h4><img loading=\"lazy\" decoding=\"async\" class=\"alignleft size-full wp-image-94\" src=\"http:\/\/gwzrtit.cluster030.hosting.ovh.net\/wp-content\/uploads\/2020\/12\/sg-pensament-critic.png\" alt=\"\" width=\"45\" height=\"45\" \/>Pensament cr\u00edtic<\/h4>\n<p>Eduquem progressivament el <strong>sentit cr\u00edtic<\/strong> dels nostres alumnes respecte a la realitat social, cultural y cient\u00edfica, des del di\u00e0leg amb les formes de vida, costums i tradicions d\u2019una societat en canvi constant.[\/vc_column_text][\/vc_column][\/vc_row][vc_row padding_top_multiplier=&#8221;&#8221;][vc_column width=&#8221;1\/2&#8243;][vc_column_text css=&#8221;.vc_custom_1615375658688{margin-bottom: 40px !important;}&#8221;]<\/p>\n<h4><img loading=\"lazy\" decoding=\"async\" class=\"alignleft size-full wp-image-93\" src=\"http:\/\/gwzrtit.cluster030.hosting.ovh.net\/wp-content\/uploads\/2020\/12\/sg-inclusio.png\" alt=\"\" width=\"45\" height=\"45\" \/>Consci\u00e8ncia social<\/h4>\n<p>Eduquem el nostre alumnat perqu\u00e8 adquireixi el seu propi sistema de valors, perqu\u00e8 tal com s\u2019assenyala en l\u2019ideari d\u2019escola, desenvolupi el sentit de la <strong>solidaritat <\/strong>amb<strong> implicaci\u00f3 i comprom\u00eds<\/strong>, i contribueixi a una cultura de la sostenibilitat\u00a0 i la pau basada en<strong> l&#8217;austeritat i senzillesa<\/strong>.[\/vc_column_text][\/vc_column][vc_column width=&#8221;1\/2&#8243;][vc_column_text css=&#8221;.vc_custom_1615375593089{margin-bottom: 40px !important;}&#8221;]<\/p>\n<h4><img loading=\"lazy\" decoding=\"async\" class=\"alignleft size-full wp-image-92\" src=\"http:\/\/gwzrtit.cluster030.hosting.ovh.net\/wp-content\/uploads\/2020\/12\/sg-espiritualitat.png\" alt=\"\" width=\"45\" height=\"45\" \/>Espiritualitat<\/h4>\n<p>Partint de l&#8217;autoconeixement i el treball de la interioritat proposem espais per aprendre a gestionar les pr\u00f2pies emocions, recon\u00e8ixer els propis sentiments i desenvolupar la dimensi\u00f3 espiritual. Fomentem que, de manera lliure i responsable, l\u2019alumnat integri en la seva vida les actituds i els <strong>valors cristians<\/strong> i els visqui amb<strong> alegria, autenticitat i transpar\u00e8ncia<\/strong>.[\/vc_column_text][\/vc_column][\/vc_row][vc_row][vc_column][vc_column_text el_class=&#8221;sg-title-section&#8221;]<\/p>\n<h3>Projecte educatiu Gabrielista<\/h3>\n<p>[\/vc_column_text]<div class=\"eut-element eut-divider\" style=\"padding-bottom: 40px;\"><span class=\"eut-custom-divider eut-bg-primary-2 eut-align-inherit\" style=\"width: 40px;height: 3px;\"><\/span><\/div><div class=\"eut-element eut-video\" style=\"\"><iframe loading=\"lazy\" title=\"Projecte Edcuatiu Gabrielista\" width=\"1080\" height=\"608\" src=\"https:\/\/www.youtube.com\/embed\/syixO_gtD_M?feature=oembed\" frameborder=\"0\" allow=\"accelerometer; autoplay; clipboard-write; encrypted-media; gyroscope; picture-in-picture\" allowfullscreen><\/iframe><\/div>[\/vc_column][\/vc_row]<\/p>\n","protected":false},"excerpt":{"rendered":"<p>[vc_row padding_top_multiplier=&#8221;&#8221; padding_bottom_multiplier=&#8221;&#8221;][vc_column][\/vc_column][\/vc_row][vc_row padding_top_multiplier=&#8221;&#8221; padding_bottom_multiplier=&#8221;&#8221;][vc_column width=&#8221;1\/2&#8243;][vc_column_text el_id=&#8221;missio&#8221; el_class=&#8221;sg-title-section&#8221;] Una meta [\/vc_column_text][vc_column_text]Som escoles cristianes que tenim un inter\u00e8s primordial per la persona i oferim una educaci\u00f3 integral i de qualitat, inclusiva i personalitzada. [\/vc_column_text][\/vc_column][vc_column width=&#8221;1\/2&#8243;][vc_column_text el_id=&#8221;visio&#8221; el_class=&#8221;sg-title-section&#8221;] Un cam\u00ed [\/vc_column_text][vc_column_text css=&#8221;.vc_custom_1615374569203{margin-bottom: 40px !important;}&#8221;]Treballem amb passi\u00f3 i creativitat en estreta col\u00b7laboraci\u00f3 amb les fam\u00edlies i l\u2019entorn. Tenim [&hellip;]<\/p>\n","protected":false},"author":1,"featured_media":0,"parent":72,"menu_order":0,"comment_status":"closed","ping_status":"closed","template":"","meta":{"footnotes":""},"class_list":["post-85","page","type-page","status-publish","hentry"],"_links":{"self":[{"href":"https:\/\/viladecans.gabrielistas.org\/home-2\/wp-json\/wp\/v2\/pages\/85","targetHints":{"allow":["GET"]}}],"collection":[{"href":"https:\/\/viladecans.gabrielistas.org\/home-2\/wp-json\/wp\/v2\/pages"}],"about":[{"href":"https:\/\/viladecans.gabrielistas.org\/home-2\/wp-json\/wp\/v2\/types\/page"}],"author":[{"embeddable":true,"href":"https:\/\/viladecans.gabrielistas.org\/home-2\/wp-json\/wp\/v2\/users\/1"}],"replies":[{"embeddable":true,"href":"https:\/\/viladecans.gabrielistas.org\/home-2\/wp-json\/wp\/v2\/comments?post=85"}],"version-history":[{"count":28,"href":"https:\/\/viladecans.gabrielistas.org\/home-2\/wp-json\/wp\/v2\/pages\/85\/revisions"}],"predecessor-version":[{"id":796,"href":"https:\/\/viladecans.gabrielistas.org\/home-2\/wp-json\/wp\/v2\/pages\/85\/revisions\/796"}],"up":[{"embeddable":true,"href":"https:\/\/viladecans.gabrielistas.org\/home-2\/wp-json\/wp\/v2\/pages\/72"}],"wp:attachment":[{"href":"https:\/\/viladecans.gabrielistas.org\/home-2\/wp-json\/wp\/v2\/media?parent=85"}],"curies":[{"name":"wp","href":"https:\/\/api.w.org\/{rel}","templated":true}]}}